{"id":31,"date":"2024-11-21T14:17:39","date_gmt":"2024-11-21T14:17:39","guid":{"rendered":"http:\/\/192.168.83.15\/wordpress\/index.php\/front_page\/"},"modified":"2025-07-20T20:25:18","modified_gmt":"2025-07-20T19:25:18","slug":"front_page","status":"publish","type":"page","link":"https:\/\/mathysviewer.fr\/","title":{"rendered":"Bienvenue !"},"content":{"rendered":"\n<div style=\"height:100px\" aria-hidden=\"true\" class=\"wp-block-spacer\"><\/div>\n\n\n\n<div class=\"wp-block-columns is-layout-flex wp-container-core-columns-is-layout-9d6595d7 wp-block-columns-is-layout-flex\">\n<div class=\"wp-block-column is-layout-flow wp-block-column-is-layout-flow\"><ul class=\"wp-block-page-list\"><li class=\"wp-block-pages-list__item menu-item-home\"><a class=\"wp-block-pages-list__item__link\" href=\"https:\/\/mathysviewer.fr\/\">Bienvenue !<\/a><\/li><li class=\"wp-block-pages-list__item has-child\"><a class=\"wp-block-pages-list__item__link\" href=\"https:\/\/mathysviewer.fr\/index.php\/portefeuilles-de-competences\/\">Etude<\/a><ul class=\"wp-block-navigation__submenu-container\"><li class=\"wp-block-pages-list__item \"><a class=\"wp-block-pages-list__item__link\" href=\"https:\/\/mathysviewer.fr\/index.php\/portefeuilles-de-competences\/atelier-professionnelle\/\">Ateliers Professionnels &amp; Outils<\/a><\/li><li class=\"wp-block-pages-list__item \"><a class=\"wp-block-pages-list__item__link\" href=\"https:\/\/mathysviewer.fr\/index.php\/portefeuilles-de-competences\/stage\/\">Mes Activit\u00e9s<\/a><\/li><\/ul><\/li><li class=\"wp-block-pages-list__item\"><a class=\"wp-block-pages-list__item__link\" href=\"https:\/\/mathysviewer.fr\/index.php\/qui-suis-je\/\">Moi<\/a><\/li><li class=\"wp-block-pages-list__item\"><a class=\"wp-block-pages-list__item__link\" href=\"https:\/\/mathysviewer.fr\/index.php\/veille\/\">Veille<\/a><\/li><\/ul><\/div>\n\n\n\n<div class=\"wp-block-column is-layout-flow wp-block-column-is-layout-flow\">\n<div style=\"height:100px\" aria-hidden=\"true\" class=\"wp-block-spacer\"><\/div>\n<\/div>\n\n\n\n<div class=\"wp-block-column is-layout-flow wp-block-column-is-layout-flow\"><h1 class=\"wp-block-site-title\">Mathys Martignoni &#8212; Portfolio<\/h1><\/div>\n<\/div>\n\n\n\n<div class=\"wp-block-uagb-separator uagb-block-71c2366a\"><div class=\"wp-block-uagb-separator__inner\" style=\"--my-background-image:\"><\/div><\/div>\n\n\n\n\t\t\t<div class=\"wp-block-uagb-post-carousel uagb-post-grid  uagb-post__image-position-top uagb-post__image-enabled uagb-block-782c54ab     uagb-post__arrow-outside uagb-slick-carousel uagb-post__items uagb-post__columns-3 is-carousel uagb-post__columns-tablet-2 uagb-post__columns-mobile-1\" data-total=\"2\" style=\"\">\n\n\t\t\t\t\t\t\t\t\t\t\t\t<article class=\"uagb-post__inner-wrap\">\t\t\t\t\t\t\t\t<div class='uagb-post__image'>\n\t\t\t\t\t\t\t\t\t<a href=\"https:\/\/mathysviewer.fr\/index.php\/2025\/03\/26\/mission-9-versionning\/\" target=\"_blank\" rel=\"bookmark noopener noreferrer\"><img fetchpriority=\"high\" decoding=\"async\" width=\"1024\" height=\"683\" src=\"https:\/\/mathysviewer.fr\/wp-content\/uploads\/2025\/03\/pexels-photo-5474285-5474285-1024x683.jpg\" class=\"attachment-large size-large\" alt=\"Close-up of hands typing on a laptop with a USB device on a white background. Ideal for tech and cybersecurity themes.\" srcset=\"https:\/\/mathysviewer.fr\/wp-content\/uploads\/2025\/03\/pexels-photo-5474285-5474285-1024x683.jpg 1024w, https:\/\/mathysviewer.fr\/wp-content\/uploads\/2025\/03\/pexels-photo-5474285-5474285-300x200.jpg 300w, https:\/\/mathysviewer.fr\/wp-content\/uploads\/2025\/03\/pexels-photo-5474285-5474285-768x512.jpg 768w, https:\/\/mathysviewer.fr\/wp-content\/uploads\/2025\/03\/pexels-photo-5474285-5474285-1536x1024.jpg 1536w, https:\/\/mathysviewer.fr\/wp-content\/uploads\/2025\/03\/pexels-photo-5474285-5474285-2048x1365.jpg 2048w\" sizes=\"(max-width: 1024px) 100vw, 1024px\" \/>\t\t\t\t\t<\/a>\n\t\t\t\t\t\t\t\t\t<\/div>\n\t\t\t\t\t\t<h4 class=\"uagb-post__title uagb-post__text\">\n\t\t\t\t<a href=\"https:\/\/mathysviewer.fr\/index.php\/2025\/03\/26\/mission-9-versionning\/\" target=\"_blank\" rel=\"bookmark noopener noreferrer\">Mission 9 &#8211; Versioning<\/a>\n\t\t\t<\/h4>\n\t\t\t\t\t\t<div class='uagb-post__text uagb-post-grid-byline'>\n\t\t\t\t\t\t\t\t<time datetime=\"2025-03-26T16:52:47+01:00\" class=\"uagb-post__date\">\n\t\t\t\t<span class=\"dashicons-calendar dashicons\"><\/span>\t\t\t\t\t26 mars 2025\t\t\t\t<\/time>\n\t\t\t\t\t\t\t<span class=\"uagb-post__comment\">\n\t\t\t\t<span class=\"dashicons-admin-comments dashicons\"><\/span>\t\t\t\t\tAucun commentaire\t\t\t\t<\/span>\n\t\t\t\t\t\t<\/div>\n\t\t\t\t\t\t\t<div class='uagb-post__text uagb-post__excerpt'>\n\t\t\t\t\t<p>Versionning avec Mercurial, est un syst\u00e8me de sauvegarde visant \u00e0 d\u00e9velopper de&#8230;\t\t\t\t<\/div>\n\t\t\t\t\t\t<div class=\"uagb-post__text uagb-post__cta wp-block-button\">\n\t\t\t\t<a class=\"wp-block-button__link uagb-text-link\" style=\"\" href=\"https:\/\/mathysviewer.fr\/index.php\/2025\/03\/26\/mission-9-versionning\/\" target=\"_blank\" rel=\"bookmark noopener noreferrer\">Lire la suite<\/a>\n\t\t\t<\/div>\n\t\t\t\n\t\t\t\t\t\t\t\t\t<\/article>\n\t\t\t\t\t\t\t\t\t\t\t\t\t\t\t\t<article class=\"uagb-post__inner-wrap\">\t\t\t\t\t\t\t\t<div class='uagb-post__image'>\n\t\t\t\t\t\t\t\t\t<a href=\"https:\/\/mathysviewer.fr\/index.php\/2025\/03\/14\/activite-8-travail-en-mode-projet\/\" target=\"_blank\" rel=\"bookmark noopener noreferrer\"><img decoding=\"async\" width=\"1024\" height=\"683\" src=\"https:\/\/mathysviewer.fr\/wp-content\/uploads\/2025\/03\/pexels-photo-3183183-3183183-1024x683.jpg\" class=\"attachment-large size-large\" alt=\"Overhead view of a diverse team discussing around a wooden table, using technology.\" srcset=\"https:\/\/mathysviewer.fr\/wp-content\/uploads\/2025\/03\/pexels-photo-3183183-3183183-1024x683.jpg 1024w, https:\/\/mathysviewer.fr\/wp-content\/uploads\/2025\/03\/pexels-photo-3183183-3183183-300x200.jpg 300w, https:\/\/mathysviewer.fr\/wp-content\/uploads\/2025\/03\/pexels-photo-3183183-3183183-768x513.jpg 768w, https:\/\/mathysviewer.fr\/wp-content\/uploads\/2025\/03\/pexels-photo-3183183-3183183-1536x1025.jpg 1536w, https:\/\/mathysviewer.fr\/wp-content\/uploads\/2025\/03\/pexels-photo-3183183-3183183-2048x1367.jpg 2048w\" sizes=\"(max-width: 1024px) 100vw, 1024px\" \/>\t\t\t\t\t<\/a>\n\t\t\t\t\t\t\t\t\t<\/div>\n\t\t\t\t\t\t<h4 class=\"uagb-post__title uagb-post__text\">\n\t\t\t\t<a href=\"https:\/\/mathysviewer.fr\/index.php\/2025\/03\/14\/activite-8-travail-en-mode-projet\/\" target=\"_blank\" rel=\"bookmark noopener noreferrer\">Mission 8 &#8211; Travail en mode projet<\/a>\n\t\t\t<\/h4>\n\t\t\t\t\t\t<div class='uagb-post__text uagb-post-grid-byline'>\n\t\t\t\t\t\t\t\t<time datetime=\"2025-03-14T08:41:44+01:00\" class=\"uagb-post__date\">\n\t\t\t\t<span class=\"dashicons-calendar dashicons\"><\/span>\t\t\t\t\t14 mars 2025\t\t\t\t<\/time>\n\t\t\t\t\t\t\t<span class=\"uagb-post__comment\">\n\t\t\t\t<span class=\"dashicons-admin-comments dashicons\"><\/span>\t\t\t\t\tAucun commentaire\t\t\t\t<\/span>\n\t\t\t\t\t\t<\/div>\n\t\t\t\t\t\t\t<div class='uagb-post__text uagb-post__excerpt'>\n\t\t\t\t\t<p>Gantt, est un diagramme de gestion de projet, cr\u00e9e part Herny Laurence&#8230;\t\t\t\t<\/div>\n\t\t\t\t\t\t<div class=\"uagb-post__text uagb-post__cta wp-block-button\">\n\t\t\t\t<a class=\"wp-block-button__link uagb-text-link\" style=\"\" href=\"https:\/\/mathysviewer.fr\/index.php\/2025\/03\/14\/activite-8-travail-en-mode-projet\/\" target=\"_blank\" rel=\"bookmark noopener noreferrer\">Lire la suite<\/a>\n\t\t\t<\/div>\n\t\t\t\n\t\t\t\t\t\t\t\t\t<\/article>\n\t\t\t\t\t\t\t\t\t\t\t\t\t\t\t\t<article class=\"uagb-post__inner-wrap\">\t\t\t\t\t\t\t\t<div class='uagb-post__image'>\n\t\t\t\t\t\t\t\t\t<a href=\"https:\/\/mathysviewer.fr\/index.php\/2025\/03\/11\/mission-7-aeroclub\/\" target=\"_blank\" rel=\"bookmark noopener noreferrer\"><img decoding=\"async\" width=\"190\" height=\"46\" src=\"https:\/\/mathysviewer.fr\/wp-content\/uploads\/2025\/03\/aeroclub.png\" class=\"attachment-large size-large\" alt=\"\" \/>\t\t\t\t\t<\/a>\n\t\t\t\t\t\t\t\t\t<\/div>\n\t\t\t\t\t\t<h4 class=\"uagb-post__title uagb-post__text\">\n\t\t\t\t<a href=\"https:\/\/mathysviewer.fr\/index.php\/2025\/03\/11\/mission-7-aeroclub\/\" target=\"_blank\" rel=\"bookmark noopener noreferrer\">Mission 7: A\u00e9roclub<\/a>\n\t\t\t<\/h4>\n\t\t\t\t\t\t<div class='uagb-post__text uagb-post-grid-byline'>\n\t\t\t\t\t\t\t\t<time datetime=\"2025-03-11T14:36:53+01:00\" class=\"uagb-post__date\">\n\t\t\t\t<span class=\"dashicons-calendar dashicons\"><\/span>\t\t\t\t\t11 mars 2025\t\t\t\t<\/time>\n\t\t\t\t\t\t\t<span class=\"uagb-post__comment\">\n\t\t\t\t<span class=\"dashicons-admin-comments dashicons\"><\/span>\t\t\t\t\tAucun commentaire\t\t\t\t<\/span>\n\t\t\t\t\t\t<\/div>\n\t\t\t\t\t\t\t<div class='uagb-post__text uagb-post__excerpt'>\n\t\t\t\t\t<p>A\u00e9roclub, c&rsquo;est notre second projet r\u00e9aliser durent le cursus visant \u00e0 nous&#8230;\t\t\t\t<\/div>\n\t\t\t\t\t\t<div class=\"uagb-post__text uagb-post__cta wp-block-button\">\n\t\t\t\t<a class=\"wp-block-button__link uagb-text-link\" style=\"\" href=\"https:\/\/mathysviewer.fr\/index.php\/2025\/03\/11\/mission-7-aeroclub\/\" target=\"_blank\" rel=\"bookmark noopener noreferrer\">Lire la suite<\/a>\n\t\t\t<\/div>\n\t\t\t\n\t\t\t\t\t\t\t\t\t<\/article>\n\t\t\t\t\t\t\t\t\t\t\t\t\t\t\t\t<article class=\"uagb-post__inner-wrap\">\t\t\t\t\t\t\t\t<div class='uagb-post__image'>\n\t\t\t\t\t\t\t\t\t<a href=\"https:\/\/mathysviewer.fr\/index.php\/2025\/03\/11\/mission-6-idologis\/\" target=\"_blank\" rel=\"bookmark noopener noreferrer\"><img loading=\"lazy\" decoding=\"async\" width=\"224\" height=\"100\" src=\"https:\/\/mathysviewer.fr\/wp-content\/uploads\/2025\/03\/logo_noir.png\" class=\"attachment-large size-large\" alt=\"\" \/>\t\t\t\t\t<\/a>\n\t\t\t\t\t\t\t\t\t<\/div>\n\t\t\t\t\t\t<h4 class=\"uagb-post__title uagb-post__text\">\n\t\t\t\t<a href=\"https:\/\/mathysviewer.fr\/index.php\/2025\/03\/11\/mission-6-idologis\/\" target=\"_blank\" rel=\"bookmark noopener noreferrer\">Mission 6 : Idologis<\/a>\n\t\t\t<\/h4>\n\t\t\t\t\t\t<div class='uagb-post__text uagb-post-grid-byline'>\n\t\t\t\t\t\t\t\t<time datetime=\"2025-03-11T14:14:56+01:00\" class=\"uagb-post__date\">\n\t\t\t\t<span class=\"dashicons-calendar dashicons\"><\/span>\t\t\t\t\t11 mars 2025\t\t\t\t<\/time>\n\t\t\t\t\t\t\t<span class=\"uagb-post__comment\">\n\t\t\t\t<span class=\"dashicons-admin-comments dashicons\"><\/span>\t\t\t\t\tAucun commentaire\t\t\t\t<\/span>\n\t\t\t\t\t\t<\/div>\n\t\t\t\t\t\t\t<div class='uagb-post__text uagb-post__excerpt'>\n\t\t\t\t\t<p>Idologis, \u00e9tait notre premier de travail en groupe de classe, qui consister&#8230;\t\t\t\t<\/div>\n\t\t\t\t\t\t<div class=\"uagb-post__text uagb-post__cta wp-block-button\">\n\t\t\t\t<a class=\"wp-block-button__link uagb-text-link\" style=\"\" href=\"https:\/\/mathysviewer.fr\/index.php\/2025\/03\/11\/mission-6-idologis\/\" target=\"_blank\" rel=\"bookmark noopener noreferrer\">Lire la suite<\/a>\n\t\t\t<\/div>\n\t\t\t\n\t\t\t\t\t\t\t\t\t<\/article>\n\t\t\t\t\t\t\t\t\t\t\t\t\t\t\t\t<article class=\"uagb-post__inner-wrap\">\t\t\t\t\t\t\t\t<div class='uagb-post__image'>\n\t\t\t\t\t\t\t\t\t<a href=\"https:\/\/mathysviewer.fr\/index.php\/2025\/03\/07\/mission-5-ia4help\/\" target=\"_blank\" rel=\"bookmark noopener noreferrer\"><img loading=\"lazy\" decoding=\"async\" width=\"1024\" height=\"683\" src=\"https:\/\/mathysviewer.fr\/wp-content\/uploads\/2025\/03\/pexels-photo-943096-943096-1024x683.jpg\" class=\"attachment-large size-large\" alt=\"Red backlit keyboard and code on laptop screen create a tech-focused ambiance.\" srcset=\"https:\/\/mathysviewer.fr\/wp-content\/uploads\/2025\/03\/pexels-photo-943096-943096-1024x683.jpg 1024w, https:\/\/mathysviewer.fr\/wp-content\/uploads\/2025\/03\/pexels-photo-943096-943096-300x200.jpg 300w, https:\/\/mathysviewer.fr\/wp-content\/uploads\/2025\/03\/pexels-photo-943096-943096-768x512.jpg 768w, https:\/\/mathysviewer.fr\/wp-content\/uploads\/2025\/03\/pexels-photo-943096-943096-1536x1024.jpg 1536w, https:\/\/mathysviewer.fr\/wp-content\/uploads\/2025\/03\/pexels-photo-943096-943096-2048x1365.jpg 2048w\" sizes=\"(max-width: 1024px) 100vw, 1024px\" \/>\t\t\t\t\t<\/a>\n\t\t\t\t\t\t\t\t\t<\/div>\n\t\t\t\t\t\t<h4 class=\"uagb-post__title uagb-post__text\">\n\t\t\t\t<a href=\"https:\/\/mathysviewer.fr\/index.php\/2025\/03\/07\/mission-5-ia4help\/\" target=\"_blank\" rel=\"bookmark noopener noreferrer\">Mission 5: IA4Help<\/a>\n\t\t\t<\/h4>\n\t\t\t\t\t\t<div class='uagb-post__text uagb-post-grid-byline'>\n\t\t\t\t\t\t\t\t<time datetime=\"2025-03-07T09:31:05+01:00\" class=\"uagb-post__date\">\n\t\t\t\t<span class=\"dashicons-calendar dashicons\"><\/span>\t\t\t\t\t7 mars 2025\t\t\t\t<\/time>\n\t\t\t\t\t\t\t<span class=\"uagb-post__comment\">\n\t\t\t\t<span class=\"dashicons-admin-comments dashicons\"><\/span>\t\t\t\t\tAucun commentaire\t\t\t\t<\/span>\n\t\t\t\t\t\t<\/div>\n\t\t\t\t\t\t\t<div class='uagb-post__text uagb-post__excerpt'>\n\t\t\t\t\t<p>Python, c&rsquo;est un langage de d\u00e9veloppement tr\u00e8s populaire, cr\u00e9e en 1991 par&#8230;\t\t\t\t<\/div>\n\t\t\t\t\t\t<div class=\"uagb-post__text uagb-post__cta wp-block-button\">\n\t\t\t\t<a class=\"wp-block-button__link uagb-text-link\" style=\"\" href=\"https:\/\/mathysviewer.fr\/index.php\/2025\/03\/07\/mission-5-ia4help\/\" target=\"_blank\" rel=\"bookmark noopener noreferrer\">Lire la suite<\/a>\n\t\t\t<\/div>\n\t\t\t\n\t\t\t\t\t\t\t\t\t<\/article>\n\t\t\t\t\t\t\t\t\t\t\t\t\t\t\t\t<article class=\"uagb-post__inner-wrap\">\t\t\t\t\t\t\t\t<div class='uagb-post__image'>\n\t\t\t\t\t\t\t\t\t<a href=\"https:\/\/mathysviewer.fr\/index.php\/2025\/03\/06\/mission-4-bastion-rubycat\/\" target=\"_blank\" rel=\"bookmark noopener noreferrer\"><img loading=\"lazy\" decoding=\"async\" width=\"1024\" height=\"684\" src=\"https:\/\/mathysviewer.fr\/wp-content\/uploads\/2025\/03\/pexels-photo-1181325-1181325-1024x684.jpg\" class=\"attachment-large size-large\" alt=\"A woman deeply engrossed in programming on a laptop at night in a data center.\" srcset=\"https:\/\/mathysviewer.fr\/wp-content\/uploads\/2025\/03\/pexels-photo-1181325-1181325-1024x684.jpg 1024w, https:\/\/mathysviewer.fr\/wp-content\/uploads\/2025\/03\/pexels-photo-1181325-1181325-300x200.jpg 300w, https:\/\/mathysviewer.fr\/wp-content\/uploads\/2025\/03\/pexels-photo-1181325-1181325-768x513.jpg 768w, https:\/\/mathysviewer.fr\/wp-content\/uploads\/2025\/03\/pexels-photo-1181325-1181325-1536x1025.jpg 1536w, https:\/\/mathysviewer.fr\/wp-content\/uploads\/2025\/03\/pexels-photo-1181325-1181325-2048x1367.jpg 2048w\" sizes=\"(max-width: 1024px) 100vw, 1024px\" \/>\t\t\t\t\t<\/a>\n\t\t\t\t\t\t\t\t\t<\/div>\n\t\t\t\t\t\t<h4 class=\"uagb-post__title uagb-post__text\">\n\t\t\t\t<a href=\"https:\/\/mathysviewer.fr\/index.php\/2025\/03\/06\/mission-4-bastion-rubycat\/\" target=\"_blank\" rel=\"bookmark noopener noreferrer\">Mission 4 : Bastion RubyCat<\/a>\n\t\t\t<\/h4>\n\t\t\t\t\t\t<div class='uagb-post__text uagb-post-grid-byline'>\n\t\t\t\t\t\t\t\t<time datetime=\"2025-03-06T16:36:22+01:00\" class=\"uagb-post__date\">\n\t\t\t\t<span class=\"dashicons-calendar dashicons\"><\/span>\t\t\t\t\t6 mars 2025\t\t\t\t<\/time>\n\t\t\t\t\t\t\t<span class=\"uagb-post__comment\">\n\t\t\t\t<span class=\"dashicons-admin-comments dashicons\"><\/span>\t\t\t\t\tAucun commentaire\t\t\t\t<\/span>\n\t\t\t\t\t\t<\/div>\n\t\t\t\t\t\t\t<div class='uagb-post__text uagb-post__excerpt'>\n\t\t\t\t\tBastion, c&rsquo;est un serveur qui vient s&rsquo;intercaler entre le r\u00e9seau publique et&#8230;\t\t\t\t<\/div>\n\t\t\t\t\t\t<div class=\"uagb-post__text uagb-post__cta wp-block-button\">\n\t\t\t\t<a class=\"wp-block-button__link uagb-text-link\" style=\"\" href=\"https:\/\/mathysviewer.fr\/index.php\/2025\/03\/06\/mission-4-bastion-rubycat\/\" target=\"_blank\" rel=\"bookmark noopener noreferrer\">Lire la suite<\/a>\n\t\t\t<\/div>\n\t\t\t\n\t\t\t\t\t\t\t\t\t<\/article>\n\t\t\t\t\t\t\t\t\t\t\t<\/div>\n\t\t\t\n\n\n<div class=\"wp-block-columns is-layout-flex wp-container-core-columns-is-layout-9d6595d7 wp-block-columns-is-layout-flex\">\n<div class=\"wp-block-column is-layout-flow wp-block-column-is-layout-flow\"><\/div>\n\n\n\n<div class=\"wp-block-column is-layout-flow wp-block-column-is-layout-flow\">\n<div style=\"height:100px\" aria-hidden=\"true\" class=\"wp-block-spacer\"><\/div>\n<\/div>\n\n\n\n<div class=\"wp-block-column is-layout-flow wp-block-column-is-layout-flow\"><div class=\"wp-block-post-author\"><div class=\"wp-block-post-author__avatar\"><\/div><div class=\"wp-block-post-author__content\"><p class=\"wp-block-post-author__name\"><a href=\"https:\/\/mathysviewer.fr\/index.php\/author\/mathys\/\" target=\"_blank\">mathys<\/a><\/p><p class=\"wp-block-post-author__bio\">IT Student in Dunkirk<\/p><\/div><\/div><\/div>\n<\/div>\n\n\n\n<ul class=\"wp-block-social-links is-content-justification-center is-layout-flex wp-container-core-social-links-is-layout-16018d1d wp-block-social-links-is-layout-flex\"><li class=\"wp-social-link wp-social-link-linkedin  wp-block-social-link\"><a href=\"https:\/\/www.linkedin.com\/in\/mathys-martignoni-659739301\/\" class=\"wp-block-social-link-anchor\"><svg width=\"24\" height=\"24\" viewBox=\"0 0 24 24\" version=\"1.1\" xmlns=\"http:\/\/www.w3.org\/2000\/svg\" aria-hidden=\"true\" focusable=\"false\"><path d=\"M19.7,3H4.3C3.582,3,3,3.582,3,4.3v15.4C3,20.418,3.582,21,4.3,21h15.4c0.718,0,1.3-0.582,1.3-1.3V4.3 C21,3.582,20.418,3,19.7,3z M8.339,18.338H5.667v-8.59h2.672V18.338z M7.004,8.574c-0.857,0-1.549-0.694-1.549-1.548 c0-0.855,0.691-1.548,1.549-1.548c0.854,0,1.547,0.694,1.547,1.548C8.551,7.881,7.858,8.574,7.004,8.574z M18.339,18.338h-2.669 v-4.177c0-0.996-0.017-2.278-1.387-2.278c-1.389,0-1.601,1.086-1.601,2.206v4.249h-2.667v-8.59h2.559v1.174h0.037 c0.356-0.675,1.227-1.387,2.526-1.387c2.703,0,3.203,1.779,3.203,4.092V18.338z\"><\/path><\/svg><span class=\"wp-block-social-link-label screen-reader-text\">LinkedIn<\/span><\/a><\/li>\n\n<li class=\"wp-social-link wp-social-link-mail  wp-block-social-link\"><a href=\"mailto:mathys.martg@gmail.com\" class=\"wp-block-social-link-anchor\"><svg width=\"24\" height=\"24\" viewBox=\"0 0 24 24\" version=\"1.1\" xmlns=\"http:\/\/www.w3.org\/2000\/svg\" aria-hidden=\"true\" focusable=\"false\"><path d=\"M19,5H5c-1.1,0-2,.9-2,2v10c0,1.1.9,2,2,2h14c1.1,0,2-.9,2-2V7c0-1.1-.9-2-2-2zm.5,12c0,.3-.2.5-.5.5H5c-.3,0-.5-.2-.5-.5V9.8l7.5,5.6,7.5-5.6V17zm0-9.1L12,13.6,4.5,7.9V7c0-.3.2-.5.5-.5h14c.3,0,.5.2.5.5v.9z\"><\/path><\/svg><span class=\"wp-block-social-link-label screen-reader-text\">Mail<\/span><\/a><\/li>\n\n<li class=\"wp-social-link wp-social-link-medium  wp-block-social-link\"><a href=\"https:\/\/medium.com\/@viewing_little\" class=\"wp-block-social-link-anchor\"><svg width=\"24\" height=\"24\" viewBox=\"0 0 24 24\" version=\"1.1\" xmlns=\"http:\/\/www.w3.org\/2000\/svg\" aria-hidden=\"true\" focusable=\"false\"><path d=\"M13.2,12c0,3-2.4,5.4-5.3,5.4S2.6,15,2.6,12s2.4-5.4,5.3-5.4S13.2,9,13.2,12 M19.1,12c0,2.8-1.2,5-2.7,5s-2.7-2.3-2.7-5s1.2-5,2.7-5C17.9,7,19.1,9.2,19.1,12 M21.4,12c0,2.5-0.4,4.5-0.9,4.5c-0.5,0-0.9-2-0.9-4.5s0.4-4.5,0.9-4.5C21,7.5,21.4,9.5,21.4,12\"><\/path><\/svg><span class=\"wp-block-social-link-label screen-reader-text\">Medium<\/span><\/a><\/li><\/ul>\n\n\n\n<p><\/p>\n","protected":false},"excerpt":{"rendered":"","protected":false},"author":1,"featured_media":0,"parent":0,"menu_order":0,"comment_status":"closed","ping_status":"closed","template":"","meta":{"_uag_custom_page_level_css":"","footnotes":""},"class_list":["post-31","page","type-page","status-publish","hentry"],"yoast_head":"<!-- This site is optimized with the Yoast SEO plugin v27.3 - https:\/\/yoast.com\/product\/yoast-seo-wordpress\/ -->\n<title>Bienvenue ! - Mathys Martignoni - Portfolio<\/title>\n<meta name=\"description\" content=\"Tout mon cursus scolaire condenser en quelque pages, en si peut, beaucoup de chose qui vous attendent.\" \/>\n<meta name=\"robots\" content=\"index, follow, max-snippet:-1, max-image-preview:large, max-video-preview:-1\" \/>\n<link rel=\"canonical\" href=\"https:\/\/mathysviewer.fr\/\" \/>\n<meta property=\"og:locale\" content=\"fr_FR\" \/>\n<meta property=\"og:type\" content=\"article\" \/>\n<meta property=\"og:title\" content=\"Bienvenue ! - Mathys Martignoni - Portfolio\" \/>\n<meta property=\"og:description\" content=\"Tout mon cursus scolaire condenser en quelque pages, en si peut, beaucoup de chose qui vous attendent.\" \/>\n<meta property=\"og:url\" content=\"https:\/\/mathysviewer.fr\/\" \/>\n<meta property=\"og:site_name\" content=\"Mathys Martignoni -- Portfolio\" \/>\n<meta property=\"article:modified_time\" content=\"2025-07-20T19:25:18+00:00\" \/>\n<meta name=\"twitter:card\" content=\"summary_large_image\" \/>\n<script type=\"application\/ld+json\" class=\"yoast-schema-graph\">{\"@context\":\"https:\\\/\\\/schema.org\",\"@graph\":[{\"@type\":\"WebPage\",\"@id\":\"https:\\\/\\\/mathysviewer.fr\\\/\",\"url\":\"https:\\\/\\\/mathysviewer.fr\\\/\",\"name\":\"Bienvenue ! - Mathys Martignoni - Portfolio\",\"isPartOf\":{\"@id\":\"https:\\\/\\\/mathysviewer.fr\\\/#website\"},\"datePublished\":\"2024-11-21T14:17:39+00:00\",\"dateModified\":\"2025-07-20T19:25:18+00:00\",\"description\":\"Tout mon cursus scolaire condenser en quelque pages, en si peut, beaucoup de chose qui vous attendent.\",\"breadcrumb\":{\"@id\":\"https:\\\/\\\/mathysviewer.fr\\\/#breadcrumb\"},\"inLanguage\":\"fr-FR\",\"potentialAction\":[{\"@type\":\"ReadAction\",\"target\":[\"https:\\\/\\\/mathysviewer.fr\\\/\"]}]},{\"@type\":\"BreadcrumbList\",\"@id\":\"https:\\\/\\\/mathysviewer.fr\\\/#breadcrumb\",\"itemListElement\":[{\"@type\":\"ListItem\",\"position\":1,\"name\":\"Accueil\",\"item\":\"https:\\\/\\\/mathysviewer.fr\\\/\"},{\"@type\":\"ListItem\",\"position\":2,\"name\":\"Bienvenue !\"}]},{\"@type\":\"WebSite\",\"@id\":\"https:\\\/\\\/mathysviewer.fr\\\/#website\",\"url\":\"https:\\\/\\\/mathysviewer.fr\\\/\",\"name\":\"Mathys Martignoni -- Portfolio\",\"description\":\"\",\"potentialAction\":[{\"@type\":\"SearchAction\",\"target\":{\"@type\":\"EntryPoint\",\"urlTemplate\":\"https:\\\/\\\/mathysviewer.fr\\\/?s={search_term_string}\"},\"query-input\":{\"@type\":\"PropertyValueSpecification\",\"valueRequired\":true,\"valueName\":\"search_term_string\"}}],\"inLanguage\":\"fr-FR\"}]}<\/script>\n<!-- \/ Yoast SEO plugin. -->","yoast_head_json":{"title":"Bienvenue ! - Mathys Martignoni - Portfolio","description":"Tout mon cursus scolaire condenser en quelque pages, en si peut, beaucoup de chose qui vous attendent.","robots":{"index":"index","follow":"follow","max-snippet":"max-snippet:-1","max-image-preview":"max-image-preview:large","max-video-preview":"max-video-preview:-1"},"canonical":"https:\/\/mathysviewer.fr\/","og_locale":"fr_FR","og_type":"article","og_title":"Bienvenue ! - Mathys Martignoni - Portfolio","og_description":"Tout mon cursus scolaire condenser en quelque pages, en si peut, beaucoup de chose qui vous attendent.","og_url":"https:\/\/mathysviewer.fr\/","og_site_name":"Mathys Martignoni -- Portfolio","article_modified_time":"2025-07-20T19:25:18+00:00","twitter_card":"summary_large_image","schema":{"@context":"https:\/\/schema.org","@graph":[{"@type":"WebPage","@id":"https:\/\/mathysviewer.fr\/","url":"https:\/\/mathysviewer.fr\/","name":"Bienvenue ! - Mathys Martignoni - Portfolio","isPartOf":{"@id":"https:\/\/mathysviewer.fr\/#website"},"datePublished":"2024-11-21T14:17:39+00:00","dateModified":"2025-07-20T19:25:18+00:00","description":"Tout mon cursus scolaire condenser en quelque pages, en si peut, beaucoup de chose qui vous attendent.","breadcrumb":{"@id":"https:\/\/mathysviewer.fr\/#breadcrumb"},"inLanguage":"fr-FR","potentialAction":[{"@type":"ReadAction","target":["https:\/\/mathysviewer.fr\/"]}]},{"@type":"BreadcrumbList","@id":"https:\/\/mathysviewer.fr\/#breadcrumb","itemListElement":[{"@type":"ListItem","position":1,"name":"Accueil","item":"https:\/\/mathysviewer.fr\/"},{"@type":"ListItem","position":2,"name":"Bienvenue !"}]},{"@type":"WebSite","@id":"https:\/\/mathysviewer.fr\/#website","url":"https:\/\/mathysviewer.fr\/","name":"Mathys Martignoni -- Portfolio","description":"","potentialAction":[{"@type":"SearchAction","target":{"@type":"EntryPoint","urlTemplate":"https:\/\/mathysviewer.fr\/?s={search_term_string}"},"query-input":{"@type":"PropertyValueSpecification","valueRequired":true,"valueName":"search_term_string"}}],"inLanguage":"fr-FR"}]}},"uagb_featured_image_src":{"full":false,"thumbnail":false,"medium":false,"medium_large":false,"large":false,"1536x1536":false,"2048x2048":false},"uagb_author_info":{"display_name":"mathys","author_link":"https:\/\/mathysviewer.fr\/index.php\/author\/mathys\/"},"uagb_comment_info":0,"uagb_excerpt":null,"_links":{"self":[{"href":"https:\/\/mathysviewer.fr\/index.php\/wp-json\/wp\/v2\/pages\/31","targetHints":{"allow":["GET"]}}],"collection":[{"href":"https:\/\/mathysviewer.fr\/index.php\/wp-json\/wp\/v2\/pages"}],"about":[{"href":"https:\/\/mathysviewer.fr\/index.php\/wp-json\/wp\/v2\/types\/page"}],"author":[{"embeddable":true,"href":"https:\/\/mathysviewer.fr\/index.php\/wp-json\/wp\/v2\/users\/1"}],"replies":[{"embeddable":true,"href":"https:\/\/mathysviewer.fr\/index.php\/wp-json\/wp\/v2\/comments?post=31"}],"version-history":[{"count":25,"href":"https:\/\/mathysviewer.fr\/index.php\/wp-json\/wp\/v2\/pages\/31\/revisions"}],"predecessor-version":[{"id":58,"href":"https:\/\/mathysviewer.fr\/index.php\/wp-json\/wp\/v2\/pages\/31\/revisions\/58"}],"wp:attachment":[{"href":"https:\/\/mathysviewer.fr\/index.php\/wp-json\/wp\/v2\/media?parent=31"}],"curies":[{"name":"wp","href":"https:\/\/api.w.org\/{rel}","templated":true}]}}